he prime factors of 39.
3, 13
List the prime factors of 1321.
1321
What are the prime factors of 9255?
3, 5, 617
List the prime factors of 114957.
3, 53, 241
List the prime factors of 56540.
2, 5, 11, 257
What are the prime factors of 6000?
2, 3, 5
List the prime factors of 6132.
2, 3, 7, 73
List the prime factors of 2766.
2, 3, 461
What are the prime factors of 1144?
2, 11, 13
List the prime factors of 38.
2, 19
What are the prime factors of 19197?
3, 79
What are the prime factors of 33614?
2, 7
List the prime factors of 4464.
2, 3, 31
List the prime factors of 50325.
3, 5, 11, 61
What are the prime factors of 3308?
2, 827
List the prime factors of 756.
2, 3, 7
List the prime factors of 69076.
2, 7, 2467
List the prime factors of 126.
2, 3, 7
What are the prime factors of 68118?
2, 3, 11353
What are the prime factors of 1304?
2, 163
List the prime factors of 1483.
1483
What are the prime factors of 394?
2, 197
What are the prime factors of 3230?
2, 5, 17, 19
List the prime factors of 1319.
1319
What are the prime factors of 7621?
7621
List the prime factors of 230.
2, 5, 23
List the prime factors of 870.
2, 3, 5, 29
What are the prime factors of 5588?
2, 11, 127
List the prime factors of 53.
53
What are the prime factors of 1463?
7, 11, 19
What are the prime factors of 15335?
5, 3067
List the prime factors of 44644.
2, 11161
List the prime factors of 35555.
5, 13, 547
What are the prime factors of 51365?
5, 10273
What are the prime factors of 1543?
1543
List the prime factors of 570.
2, 3, 5, 19
List the prime factors of 27228.
2, 3, 2269
List the prime factors of 7852.
2, 13, 151
List the prime factors of 124.
2, 31
List the prime factors of 24686.
2, 12343
What are the prime factors of 412?
2, 103
List the prime factors of 33268.
2, 8317
List the prime factors of 491.
491
List the prime factors of 1118.
2, 13, 43
List the prime factors of 298.
2, 149
What are the prime factors of 45279?
3, 13, 43
What are the prime factors of 5807?
5807
What are the prime factors of 20227?
113, 179
List the prime factors of 7710.
2, 3, 5, 257
What are the prime factors of 4311?
3, 479
List the prime factors of 32978.
2, 11, 1499
What are the prime factors of 860?
2, 5, 43
What are the prime factors of 1214?
2, 607
What are the prime factors of 12538?
2, 6269
List the prime factors of 1252.
2, 313
List the prime factors of 1382.
2, 691
List the prime factors of 3192.
2, 3, 7, 19
List the prime factors of 1362.
2, 3, 227
List the prime factors of 1472.
2, 23
What are the prime factors of 7186?
2, 3593
List the prime factors of 841.
29
What are the prime factors of 10609?
103
What are the prime factors of 14384?
2, 29, 31
List the prime factors of 2552.
2, 11, 29
What are the prime factors of 4594?
2, 2297
List the prime factors of 442.
2, 13, 17
What are the prime factors of 952?
2, 7, 17
List the prime factors of 3541.
3541
What are the prime factors of 7354?
2, 3677
List the prime factors of 8209.
8209
What are the prime factors of 95545?
5, 97, 197
List the prime factors of 5388.
2, 3, 449
What are the prime factors of 5889?
3, 13, 151
List the prime factors of 1661.
11, 151
What are the prime factors of 10885?
5, 7, 311
List the prime factors of 26988.
2, 3, 13, 173
What are the prime factors of 1641?
3, 547
What are the prime factors of 126250?
2, 5, 101
List the prime factors of 27433.
7, 3919
What are the prime factors of 4600?
2, 5, 23
List the prime factors of 4403.
7, 17, 37
List the prime factors of 5402.
2, 37, 73
List the prime factors of 7912.
2, 23, 43
What are the prime factors of 25811?
53, 487
What are the prime factors of 79970?
2, 5, 11, 727
List the prime factors of 15294.
2, 3, 2549
List the prime factors of 1170.
2, 3, 5, 13
What are the prime factors of 19877?
11, 13, 139
What are the prime factors of 76605?
3, 5, 5107
What are the prime factors of 1610?
2, 5, 7, 23
List the prime factors of 83441.
181, 461
List the prime factors of 103805.
5, 13, 1597
List the prime factors of 175.
5, 7
What are the prime factors of 2046?
2, 3, 11, 31
List the prime factors of 24082.
2, 12041
What are the prime factors of 9681?
3, 7, 461
What are the prime factors of 7234?
2, 3617
What are the prime factors of 1641?
3, 547
List the prime factors of 145145.
5, 7, 11, 13, 29
What are the prime factors of 1350?
2, 3, 5
What are the prime factors of 27302?
2, 11, 17, 73
What are the prime factors of 9458?
2, 4729
List the prime factors of 854.
2, 7, 61
What are the prime factors of 7720?
2, 5, 193
What are the prime factors of 82914?
2, 3, 13, 1063
List the prime factors of 1114.
2, 557
List the prime factors of 1789.
1789
What are the prime factors of 761?
761
List the prime factors of 3536.
2, 13, 17
What are the prime factors of 8001?
3, 7, 127
List the prime factors of 1208.
2, 151
List the prime factors of 20723.
17, 23, 53
List the prime factors of 398.
2, 199
List the prime factors of 3513.
3, 1171
What are the prime factors of 1733?
1733
What are the prime factors of 151442?
2, 75721
List the prime factors of 14045.
5, 53
What are the prime factors of 38314?
2, 19157
List the prime factors of 22378.
2, 67, 167
What are the prime factors of 54699?
3, 18233
List the prime factors of 1951.
1951
List the prime factors of 810.
2, 3, 5
List the prime factors of 16669.
79, 211
What are the prime factors of 660?
2, 3, 5, 11
What are the prime factors of 24961?
109, 229
List the prime factors of 1242.
2, 3, 23
List the prime factors of 1997.
1997
List the prime factors of 2442.
2, 3, 11, 37
List the prime factors of 1338.
2, 3, 223
What are the prime factors of 905?
5, 181
What are the prime factors of 4559?
47, 97
What are the prime factors of 917?
7, 131
List the prime factors of 716.
2, 179
What are the prime factors of 1165?
5, 233
List the prime factors of 1166.
2, 11, 53
What are the prime factors of 4682?
2, 2341
What are the prime factors of 2055?
3, 5, 137
List the prime factors of 456.
2, 3, 19
List the prime factors of 26709.
3, 29, 307
What are the prime factors of 1858?
2, 929
List the prime factors of 7504.
2, 7, 67
List the prime factors of 5077.
5077
List the prime factors of 1740.
2, 3, 5, 29
What are the prime factors of 57894?
2, 3, 9649
What are the prime factors of 929?
929
List the prime factors of 1826.
2, 11, 83
List the prime factors of 740.
2, 5, 37
What are the prime factors of 14527?
73, 199
What are the prime factors of 121200?
2, 3, 5, 101
What are the prime factors of 82131?
3, 7, 3911
What are the prime factors of 4302?
2, 3, 239
What are the prime factors of 36998?
2, 13, 1423
What are the prime factors of 4191?
3, 11, 127
What are the prime factors of 4589?
13, 353
What are the prime factors of 7836?
2, 3, 653
List the prime factors of 6079.
6079
What are the prime factors of 722?
2, 19
List the prime factors of 2834.
2, 13, 109
List the prime factors of 3357.
3, 373
List the prime factors of 7009.
43, 163
What are the prime factors of 6237?
3, 7, 11
List the prime factors of 57586.
2, 28793
List the prime factors of 5955.
3, 5, 397
List the prime factors of 9575.
5, 383
What are the prime factors of 16617?
3, 29, 191
List the prime factors of 1649.
17, 97
List the prime factors of 12310.
2, 5, 1231
What are the prime factors of 111979?
7, 17, 941
List the prime factors of 2682.
2, 3, 149
What are the prime factors of 81?
3
List the prime factors of 174380.
2, 5, 8719
What are the prime factors of 4206?
2, 3, 701
List the prime factors of 1085.
5, 7, 31
List the prime factors of 3699.
3, 137
What are the prime factors of 359?
359
List the prime factors of 75152.
2, 7, 11, 61
List the prime factors of 139.
139
What are the prime factors of 1190?
2, 5, 7, 17
What are the prime factors of 24433?
53, 461
What are the prime factors of 6593?
19, 347
List the prime factors of 66399.
3, 22133
List the prime factors of 44469.
3, 61
What are the prime factors of 29963?
19, 83
List the prime factors of 30795.
3, 5, 2053
List the prime factors of 16256.
2, 127
What are the prime factors of 247?
13, 19
What are the prime factors of 1035?
3, 5, 23
What are the prime factors of 22021?
19, 61
List the prime factors of 41704.
2, 13, 401
List the prime factors of 117798.
2, 3, 29, 677
List the prime factors of 66679.
131, 509
List the 